[INFO] cloning repository https://github.com/Multimo/rusty-chat-tute
[INFO] running `Command { std: "git" "-c" "credential.helper=" "-c" "credential.helper=/workspace/cargo-home/bin/git-credential-null" "clone" "--bare" "https://github.com/Multimo/rusty-chat-tute" "/workspace/cache/git-repos/https%3A%2F%2Fgithub.com%2FMultimo%2Frusty-chat-tute", kill_on_drop: false }`
[INFO] [stderr] Cloning into bare repository '/workspace/cache/git-repos/https%3A%2F%2Fgithub.com%2FMultimo%2Frusty-chat-tute'...
[INFO] running `Command { std: "git" "rev-parse" "HEAD", kill_on_drop: false }`
[INFO] [stdout] 7b975b49e350895861a87b47175ee6e3dbef6ca2
[INFO] checking Multimo/rusty-chat-tute against master#e6e4f7ed1589e03bc2f6c5931c1a72e7947e8682 for beta-170-4
[INFO] running `Command { std: "git" "clone" "/workspace/cache/git-repos/https%3A%2F%2Fgithub.com%2FMultimo%2Frusty-chat-tute" "/workspace/builds/worker-7-tc2/source", kill_on_drop: false }`
[INFO] [stderr] Cloning into '/workspace/builds/worker-7-tc2/source'...
[INFO] [stderr] done.
[INFO] validating manifest of git repo https://github.com/Multimo/rusty-chat-tute on toolchain e6e4f7ed1589e03bc2f6c5931c1a72e7947e8682
[INFO] running `Command { std: CARGO_HOME="/workspace/cargo-home" RUSTUP_HOME="/workspace/rustup-home" "/workspace/cargo-home/bin/cargo" "+e6e4f7ed1589e03bc2f6c5931c1a72e7947e8682" "metadata" "--manifest-path" "Cargo.toml" "--no-deps", kill_on_drop: false }`
[INFO] started tweaking git repo https://github.com/Multimo/rusty-chat-tute
[INFO] finished tweaking git repo https://github.com/Multimo/rusty-chat-tute
[INFO] tweaked toml for git repo https://github.com/Multimo/rusty-chat-tute written to /workspace/builds/worker-7-tc2/source/Cargo.toml
[INFO] crate git repo https://github.com/Multimo/rusty-chat-tute already has a lockfile, it will not be regenerated
[INFO] running `Command { std: CARGO_HOME="/workspace/cargo-home" RUSTUP_HOME="/workspace/rustup-home" "/workspace/cargo-home/bin/cargo" "+e6e4f7ed1589e03bc2f6c5931c1a72e7947e8682" "fetch" "--manifest-path" "Cargo.toml", kill_on_drop: false }`
[INFO] running `Command { std: "docker" "create" "-v" "/var/lib/crater-agent-workspace/builds/worker-7-tc2/target:/opt/rustwide/target:rw,Z" "-v" "/var/lib/crater-agent-workspace/builds/worker-7-tc2/source:/opt/rustwide/workdir:ro,Z" "-v" "/var/lib/crater-agent-workspace/cargo-home:/opt/rustwide/cargo-home:ro,Z" "-v" "/var/lib/crater-agent-workspace/rustup-home:/opt/rustwide/rustup-home:ro,Z" "-e" "SOURCE_DIR=/opt/rustwide/workdir" "-e" "CARGO_TARGET_DIR=/opt/rustwide/target" "-e" "CARGO_HOME=/opt/rustwide/cargo-home" "-e" "RUSTUP_HOME=/opt/rustwide/rustup-home" "-w" "/opt/rustwide/workdir" "-m" "1610612736" "--user" "0:0" "--network" "none" "ghcr.io/rust-lang/crates-build-env/linux@sha256:19e73879b68f455e41552ea35293514db52ea292d993f571636dbffedb77a1ee" "/opt/rustwide/cargo-home/bin/cargo" "+e6e4f7ed1589e03bc2f6c5931c1a72e7947e8682" "metadata" "--no-deps" "--format-version=1", kill_on_drop: false }`
[INFO] [stdout] 0b1f65d104e3d0a8f0e8cc138593452a53cfa4cfed2509fd0e94be8d8a8e0f10
[INFO] running `Command { std: "docker" "start" "-a" "0b1f65d104e3d0a8f0e8cc138593452a53cfa4cfed2509fd0e94be8d8a8e0f10", kill_on_drop: false }`
[INFO] running `Command { std: "docker" "inspect" "0b1f65d104e3d0a8f0e8cc138593452a53cfa4cfed2509fd0e94be8d8a8e0f10", kill_on_drop: false }`
[INFO] running `Command { std: "docker" "rm" "-f" "0b1f65d104e3d0a8f0e8cc138593452a53cfa4cfed2509fd0e94be8d8a8e0f10", kill_on_drop: false }`
[INFO] [stdout] 0b1f65d104e3d0a8f0e8cc138593452a53cfa4cfed2509fd0e94be8d8a8e0f10
[INFO] running `Command { std: "docker" "create" "-v" "/var/lib/crater-agent-workspace/builds/worker-7-tc2/target:/opt/rustwide/target:rw,Z" "-v" "/var/lib/crater-agent-workspace/builds/worker-7-tc2/source:/opt/rustwide/workdir:ro,Z" "-v" "/var/lib/crater-agent-workspace/cargo-home:/opt/rustwide/cargo-home:ro,Z" "-v" "/var/lib/crater-agent-workspace/rustup-home:/opt/rustwide/rustup-home:ro,Z" "-e" "SOURCE_DIR=/opt/rustwide/workdir" "-e" "CARGO_TARGET_DIR=/opt/rustwide/target" "-e" "CARGO_INCREMENTAL=0" "-e" "RUST_BACKTRACE=full" "-e" "RUSTFLAGS=--cap-lints=forbid" "-e" "RUSTDOCFLAGS=--cap-lints=forbid" "-e" "CARGO_HOME=/opt/rustwide/cargo-home" "-e" "RUSTUP_HOME=/opt/rustwide/rustup-home" "-w" "/opt/rustwide/workdir" "-m" "1610612736" "--user" "0:0" "--network" "none" "ghcr.io/rust-lang/crates-build-env/linux@sha256:19e73879b68f455e41552ea35293514db52ea292d993f571636dbffedb77a1ee" "/opt/rustwide/cargo-home/bin/cargo" "+e6e4f7ed1589e03bc2f6c5931c1a72e7947e8682" "check" "--frozen" "--all" "--all-targets" "--message-format=json", kill_on_drop: false }`
[INFO] [stdout] 0d601f8efdde17f94a504116d8392774c6fe8e7bae413c842ff6974615039967
[INFO] running `Command { std: "docker" "start" "-a" "0d601f8efdde17f94a504116d8392774c6fe8e7bae413c842ff6974615039967", kill_on_drop: false }`
[INFO] [stderr]     Checking libc v0.2.39
[INFO] [stderr]     Checking cfg-if v0.1.2
[INFO] [stderr]     Checking byteorder v1.2.1
[INFO] [stderr]     Checking futures v0.1.18
[INFO] [stderr]    Compiling typenum v1.10.0
[INFO] [stderr]     Checking nodrop v0.1.12
[INFO] [stderr]     Checking lazy_static v0.2.11
[INFO] [stderr]     Checking matches v0.1.6
[INFO] [stderr]     Checking memoffset v0.2.1
[INFO] [stderr]     Checking slab v0.4.0
[INFO] [stderr]     Checking lazycell v0.6.0
[INFO] [stderr]     Checking unicode-normalization v0.1.5
[INFO] [stderr]     Checking safemem v0.2.0
[INFO] [stderr]     Checking byte-tools v0.2.0
[INFO] [stderr]     Checking arrayref v0.3.4
[INFO] [stderr]     Checking constant_time_eq v0.1.3
[INFO] [stderr]     Checking log v0.4.1
[INFO] [stderr]     Checking crossbeam-utils v0.2.2
[INFO] [stderr]     Checking unicode-bidi v0.3.4
[INFO] [stderr]    Compiling version_check v0.1.3
[INFO] [stderr]     Checking arrayvec v0.4.7
[INFO] [stderr]    Compiling proc-macro2 v0.2.3
[INFO] [stderr]     Checking void v1.0.2
[INFO] [stderr]     Checking siphasher v0.2.2
[INFO] [stderr]    Compiling unicode-xid v0.0.4
[INFO] [stderr]     Checking block-buffer v0.3.3
[INFO] [stderr]     Checking unreachable v1.0.0
[INFO] [stderr]     Checking scoped-tls v0.1.1
[INFO] [stderr]    Compiling synom v0.11.3
[INFO] [stderr]    Compiling pq-sys v0.4.4
[INFO] [stderr]     Checking md5 v0.3.7
[INFO] [stderr]     Checking lazy_static v1.0.0
[INFO] [stderr]     Checking log v0.3.9
[INFO] [stderr]     Checking phf_shared v0.7.21
[INFO] [stderr]     Checking base64 v0.6.0
[INFO] [stderr]    Compiling regex v0.2.9
[INFO] [stderr]     Checking fallible-iterator v0.1.4
[INFO] [stderr]     Checking unicode-xid v0.1.0
[INFO] [stderr]    Compiling quote v0.3.15
[INFO] [stderr]     Checking crossbeam-epoch v0.4.0
[INFO] [stderr]     Checking ucd-util v0.1.1
[INFO] [stderr]     Checking phf v0.7.21
[INFO] [stderr]     Checking thread_local v0.3.5
[INFO] [stderr]     Checking take v0.1.0
[INFO] [stderr]    Compiling unicase v2.1.0
[INFO] [stderr]     Checking regex-syntax v0.5.2
[INFO] [stderr]     Checking smallvec v0.2.1
[INFO] [stderr]     Checking stringprep v0.1.2
[INFO] [stderr]    Compiling maud_htmlescape v0.17.0
[INFO] [stderr]    Compiling quote v0.4.2
[INFO] [stderr]     Checking iovec v0.1.2
[INFO] [stderr]     Checking rand v0.4.2
[INFO] [stderr]     Checking bytes v0.4.6
[INFO] [stderr]     Checking net2 v0.2.32
[INFO] [stderr]     Checking num_cpus v1.8.0
[INFO] [stderr]     Checking crossbeam-deque v0.3.0
[INFO] [stderr]     Checking memchr v2.0.1
[INFO] [stderr]     Checking memchr v1.0.2
[INFO] [stderr]    Compiling syn v0.12.14
[INFO] [stderr]    Compiling syn v0.11.11
[INFO] [stderr]     Checking slab v0.3.0
[INFO] [stderr]     Checking aho-corasick v0.6.4
[INFO] [stderr]    Compiling literalext v0.1.1
[INFO] [stderr]     Checking hex v0.2.0
[INFO] [stderr]     Checking quick-error v1.2.1
[INFO] [stderr]     Checking utf8-ranges v1.0.0
[INFO] [stderr]     Checking humantime v1.1.1
[INFO] [stderr]     Checking mio v0.6.14
[INFO] [stderr]     Checking atty v0.2.8
[INFO] [stderr]     Checking time v0.1.39
[INFO] [stderr]     Checking socket2 v0.3.4
[INFO] [stderr]     Checking idna v0.1.4
[INFO] [stderr]     Checking base64 v0.9.0
[INFO] [stderr]     Checking num-traits v0.2.2
[INFO] [stderr]     Checking mime v0.3.5
[INFO] [stderr]     Checking serde v1.0.35
[INFO] [stderr]     Checking bitflags v1.0.1
[INFO] [stdout] error[E0512]: cannot transmute between types of different sizes, or dependently-sized types
[INFO] [stdout]    --> /opt/rustwide/cargo-home/registry/src/index.crates.io-6f17d22bba15001f/socket2-0.3.4/src/sockaddr.rs:153:9
[INFO] [stdout]     |
[INFO] [stdout] 153 |         mem::transmute::<SocketAddrV4, sockaddr_in>(v4);
[INFO] [stdout]     |         ^^^^^^^^^^^^^^^^^^^^^^^^^^^^^^^^^^^^^^^^^^^
[INFO] [stdout]     |
[INFO] [stdout]     = note: source type: `SocketAddrV4` (48 bits)
[INFO] [stdout]     = note: target type: `sockaddr_in` (128 bits)
[INFO] [stdout] 
[INFO] [stdout] 
[INFO] [stderr]    Compiling maud_macros v0.17.2
[INFO] [stderr]     Checking httparse v1.2.4
[INFO] [stdout] error: aborting due to previous error
[INFO] [stdout] 
[INFO] [stdout] 
[INFO] [stdout] For more information about this error, try `rustc --explain E0512`.
[INFO] [stdout] 
[INFO] [stderr] error: could not compile `socket2` (lib) due to 2 previous errors
[INFO] [stderr] warning: build failed, waiting for other jobs to finish...
[INFO] [stdout] error[E0658]: use of unstable library feature 'proc_macro_quote'
[INFO] [stdout]   --> /opt/rustwide/cargo-home/registry/src/index.crates.io-6f17d22bba15001f/maud_macros-0.17.2/src/build.rs:28:17
[INFO] [stdout]    |
[INFO] [stdout] 28 |                 quote!($output_ident.push_str($string);)
[INFO] [stdout]    |                 ^^^^^
[INFO] [stdout]    |
[INFO] [stdout]    = note: see issue #54722 <https://github.com/rust-lang/rust/issues/54722> for more information
[INFO] [stdout]    = help: add `#![feature(proc_macro_quote)]` to the crate attributes to enable
[INFO] [stdout] 
[INFO] [stdout] 
[INFO] [stdout] error[E0658]: use of unstable library feature 'proc_macro_quote'
[INFO] [stdout]   --> /opt/rustwide/cargo-home/registry/src/index.crates.io-6f17d22bba15001f/maud_macros-0.17.2/src/build.rs:60:19
[INFO] [stdout]    |
[INFO] [stdout] 60 |         self.push(quote!({
[INFO] [stdout]    |                   ^^^^^
[INFO] [stdout]    |
[INFO] [stdout]    = note: see issue #54722 <https://github.com/rust-lang/rust/issues/54722> for more information
[INFO] [stdout]    = help: add `#![feature(proc_macro_quote)]` to the crate attributes to enable
[INFO] [stdout] 
[INFO] [stdout] 
[INFO] [stdout] error[E0658]: use of unstable library feature 'proc_macro_quote'
[INFO] [stdout]    --> /opt/rustwide/cargo-home/registry/src/index.crates.io-6f17d22bba15001f/maud_macros-0.17.2/src/build.rs:123:19
[INFO] [stdout]     |
[INFO] [stdout] 123 |         self.push(quote!(if $cond { $body }));
[INFO] [stdout]     |                   ^^^^^
[INFO] [stdout]     |
[INFO] [stdout]     = note: see issue #54722 <https://github.com/rust-lang/rust/issues/54722> for more information
[INFO] [stdout]     = help: add `#![feature(proc_macro_quote)]` to the crate attributes to enable
[INFO] [stdout] 
[INFO] [stdout] 
[INFO] [stdout] error[E0658]: use of unstable library feature 'proc_macro_quote'
[INFO] [stdout]   --> /opt/rustwide/cargo-home/registry/src/index.crates.io-6f17d22bba15001f/maud_macros-0.17.2/src/lib.rs:42:5
[INFO] [stdout]    |
[INFO] [stdout] 42 |     quote!({
[INFO] [stdout]    |     ^^^^^
[INFO] [stdout]    |
[INFO] [stdout]    = note: see issue #54722 <https://github.com/rust-lang/rust/issues/54722> for more information
[INFO] [stdout]    = help: add `#![feature(proc_macro_quote)]` to the crate attributes to enable
[INFO] [stdout] 
[INFO] [stdout] 
[INFO] [stdout] error[E0432]: unresolved imports `proc_macro::TokenNode`, `proc_macro::TokenTreeIter`
[INFO] [stdout]  --> /opt/rustwide/cargo-home/registry/src/index.crates.io-6f17d22bba15001f/maud_macros-0.17.2/src/parse.rs:6:5
[INFO] [stdout]   |
[INFO] [stdout] 6 |     TokenNode,
[INFO] [stdout]   |     ^^^^^^^^^ no `TokenNode` in the root
[INFO] [stdout] ...
[INFO] [stdout] 9 |     TokenTreeIter,
[INFO] [stdout]   |     ^^^^^^^^^^^^^ no `TokenTreeIter` in the root
[INFO] [stdout]   |
[INFO] [stdout] help: a similar name exists in the module
[INFO] [stdout]   |
[INFO] [stdout] 6 |     TokenTree,
[INFO] [stdout]   |     ~~~~~~~~~
[INFO] [stdout] help: a similar name exists in the module
[INFO] [stdout]   |
[INFO] [stdout] 9 |     TokenTree,
[INFO] [stdout]   |     ~~~~~~~~~
[INFO] [stdout] 
[INFO] [stdout] 
[INFO] [stdout] error[E0432]: unresolved import `proc_macro::TokenNode`
[INFO] [stdout]  --> /opt/rustwide/cargo-home/registry/src/index.crates.io-6f17d22bba15001f/maud_macros-0.17.2/src/build.rs:1:44
[INFO] [stdout]   |
[INFO] [stdout] 1 | use proc_macro::{Delimiter, Literal, Span, TokenNode, TokenStream, TokenTree};
[INFO] [stdout]   |                                            ^^^^^^^^^
[INFO] [stdout]   |                                            |
[INFO] [stdout]   |                                            no `TokenNode` in the root
[INFO] [stdout]   |                                            help: a similar name exists in the module: `TokenTree`
[INFO] [stdout] 
[INFO] [stdout] 
[INFO] [stdout] error[E0432]: unresolved imports `proc_macro::Term`, `proc_macro::TokenNode`
[INFO] [stdout]   --> /opt/rustwide/cargo-home/registry/src/index.crates.io-6f17d22bba15001f/maud_macros-0.17.2/src/lib.rs:12:33
[INFO] [stdout]    |
[INFO] [stdout] 12 | use proc_macro::{Literal, Span, Term, TokenNode, TokenStream, TokenTree};
[INFO] [stdout]    |                                 ^^^^  ^^^^^^^^^
[INFO] [stdout]    |                                 |     |
[INFO] [stdout]    |                                 |     no `TokenNode` in the root
[INFO] [stdout]    |                                 |     help: a similar name exists in the module: `TokenTree`
[INFO] [stdout]    |                                 no `Term` in the root
[INFO] [stdout] 
[INFO] [stdout] 
[INFO] [stdout] error[E0574]: expected struct, variant or union type, found enum `TokenTree`
[INFO] [stdout]    --> /opt/rustwide/cargo-home/registry/src/index.crates.io-6f17d22bba15001f/maud_macros-0.17.2/src/parse.rs:100:23
[INFO] [stdout]     |
[INFO] [stdout] 100 |                 Some((TokenTree { kind: TokenNode::Op(';', _), .. }, _)) => self.advance(),
[INFO] [stdout]     |                       ^^^^^^^^^ not a struct, variant or union type
[INFO] [stdout] 
[INFO] [stdout] 
[INFO] [stdout] error[E0574]: expected struct, variant or union type, found enum `TokenTree`
[INFO] [stdout]    --> /opt/rustwide/cargo-home/registry/src/index.crates.io-6f17d22bba15001f/maud_macros-0.17.2/src/parse.rs:102:21
[INFO] [stdout]     |
[INFO] [stdout] 102 |                     TokenTree { kind: TokenNode::Op('@', _), .. },
[INFO] [stdout]     |                     ^^^^^^^^^ not a struct, variant or union type
[INFO] [stdout] 
[INFO] [stdout] 
[INFO] [stdout] error[E0574]: expected struct, variant or union type, found enum `TokenTree`
[INFO] [stdout]    --> /opt/rustwide/cargo-home/registry/src/index.crates.io-6f17d22bba15001f/maud_macros-0.17.2/src/parse.rs:103:26
[INFO] [stdout]     |
[INFO] [stdout] 103 |                     Some(TokenTree { kind: TokenNode::Term(term), span }),
[INFO] [stdout]     |                          ^^^^^^^^^ not a struct, variant or union type
[INFO] [stdout] 
[INFO] [stdout] 
[INFO] [stdout] error[E0574]: expected struct, variant or union type, found enum `TokenTree`
[INFO] [stdout]    --> /opt/rustwide/cargo-home/registry/src/index.crates.io-6f17d22bba15001f/maud_macros-0.17.2/src/parse.rs:107:35
[INFO] [stdout]     |
[INFO] [stdout] 107 |                     let keyword = TokenTree { kind: TokenNode::Term(term), span };
[INFO] [stdout]     |                                   ^^^^^^^^^ not a struct, variant or union type
[INFO] [stdout] 
[INFO] [stdout] 
[INFO] [stdout] error[E0574]: expected struct, variant or union type, found enum `TokenTree`
[INFO] [stdout]    --> /opt/rustwide/cargo-home/registry/src/index.crates.io-6f17d22bba15001f/maud_macros-0.17.2/src/parse.rs:114:25
[INFO] [stdout]     |
[INFO] [stdout] 114 |                         TokenTree {
[INFO] [stdout]     |                         ^^^^^^^^^ not a struct, variant or union type
[INFO] [stdout] 
[INFO] [stdout] 
[INFO] [stdout] error[E0574]: expected struct, variant or union type, found enum `TokenTree`
[INFO] [stdout]    --> /opt/rustwide/cargo-home/registry/src/index.crates.io-6f17d22bba15001f/maud_macros-0.17.2/src/parse.rs:133:13
[INFO] [stdout]     |
[INFO] [stdout] 133 |             TokenTree { kind: TokenNode::Literal(lit), .. } => {
[INFO] [stdout]     |             ^^^^^^^^^ not a struct, variant or union type
[INFO] [stdout] 
[INFO] [stdout] 
[INFO] [stdout] error[E0574]: expected struct, variant or union type, found enum `TokenTree`
[INFO] [stdout]    --> /opt/rustwide/cargo-home/registry/src/index.crates.io-6f17d22bba15001f/maud_macros-0.17.2/src/parse.rs:138:13
[INFO] [stdout]     |
[INFO] [stdout] 138 |             TokenTree { kind: TokenNode::Op('@', _), .. } => {
[INFO] [stdout]     |             ^^^^^^^^^ not a struct, variant or union type
[INFO] [stdout] 
[INFO] [stdout] 
[INFO] [stdout] error[E0574]: expected struct, variant or union type, found enum `TokenTree`
[INFO] [stdout]    --> /opt/rustwide/cargo-home/registry/src/index.crates.io-6f17d22bba15001f/maud_macros-0.17.2/src/parse.rs:141:26
[INFO] [stdout]     |
[INFO] [stdout] 141 |                     Some(TokenTree { kind: TokenNode::Term(term), span }) => {
[INFO] [stdout]     |                          ^^^^^^^^^ not a struct, variant or union type
[INFO] [stdout] 
[INFO] [stdout] 
[INFO] [stdout] error[E0574]: expected struct, variant or union type, found enum `TokenTree`
[INFO] [stdout]    --> /opt/rustwide/cargo-home/registry/src/index.crates.io-6f17d22bba15001f/maud_macros-0.17.2/src/parse.rs:142:39
[INFO] [stdout]     |
[INFO] [stdout] 142 |                         let keyword = TokenTree { kind: TokenNode::Term(term), span };
[INFO] [stdout]     |                                       ^^^^^^^^^ not a struct, variant or union type
[INFO] [stdout] 
[INFO] [stdout] 
[INFO] [stdout] error[E0574]: expected struct, variant or union type, found enum `TokenTree`
[INFO] [stdout]    --> /opt/rustwide/cargo-home/registry/src/index.crates.io-6f17d22bba15001f/maud_macros-0.17.2/src/parse.rs:157:13
[INFO] [stdout]     |
[INFO] [stdout] 157 |             TokenTree { kind: TokenNode::Term(_), .. } => {
[INFO] [stdout]     |             ^^^^^^^^^ not a struct, variant or union type
[INFO] [stdout] 
[INFO] [stdout] 
[INFO] [stdout] error[E0574]: expected struct, variant or union type, found enum `TokenTree`
[INFO] [stdout]    --> /opt/rustwide/cargo-home/registry/src/index.crates.io-6f17d22bba15001f/maud_macros-0.17.2/src/parse.rs:162:13
[INFO] [stdout]     |
[INFO] [stdout] 162 |             TokenTree { kind: TokenNode::Group(Delimiter::Parenthesis, expr), .. } => {
[INFO] [stdout]     |             ^^^^^^^^^ not a struct, variant or union type
[INFO] [stdout] 
[INFO] [stdout] 
[INFO] [stdout] error[E0574]: expected struct, variant or union type, found enum `TokenTree`
[INFO] [stdout]    --> /opt/rustwide/cargo-home/registry/src/index.crates.io-6f17d22bba15001f/maud_macros-0.17.2/src/parse.rs:167:13
[INFO] [stdout]     |
[INFO] [stdout] 167 |             TokenTree { kind: TokenNode::Group(Delimiter::Brace, block), .. } => {
[INFO] [stdout]     |             ^^^^^^^^^ not a struct, variant or union type
[INFO] [stdout] 
[INFO] [stdout] 
[INFO] [stdout] error[E0574]: expected struct, variant or union type, found enum `TokenTree`
[INFO] [stdout]    --> /opt/rustwide/cargo-home/registry/src/index.crates.io-6f17d22bba15001f/maud_macros-0.17.2/src/parse.rs:193:22
[INFO] [stdout]     |
[INFO] [stdout] 193 |                 Some(TokenTree { kind: TokenNode::Group(Delimiter::Brace, block), span }) => {
[INFO] [stdout]     |                      ^^^^^^^^^ not a struct, variant or union type
[INFO] [stdout] 
[INFO] [stdout] 
[INFO] [stdout] error[E0574]: expected struct, variant or union type, found enum `TokenTree`
[INFO] [stdout]    --> /opt/rustwide/cargo-home/registry/src/index.crates.io-6f17d22bba15001f/maud_macros-0.17.2/src/parse.rs:212:17
[INFO] [stdout]     |
[INFO] [stdout] 212 |                 TokenTree { kind: TokenNode::Op('@', _), .. },
[INFO] [stdout]     |                 ^^^^^^^^^ not a struct, variant or union type
[INFO] [stdout] 
[INFO] [stdout] 
[INFO] [stdout] error[E0574]: expected struct, variant or union type, found enum `TokenTree`
[INFO] [stdout]    --> /opt/rustwide/cargo-home/registry/src/index.crates.io-6f17d22bba15001f/maud_macros-0.17.2/src/parse.rs:213:22
[INFO] [stdout]     |
[INFO] [stdout] 213 |                 Some(TokenTree { kind: TokenNode::Term(else_keyword), span }),
[INFO] [stdout]     |                      ^^^^^^^^^ not a struct, variant or union type
[INFO] [stdout] 
[INFO] [stdout] 
[INFO] [stdout] error[E0574]: expected struct, variant or union type, found enum `TokenTree`
[INFO] [stdout]    --> /opt/rustwide/cargo-home/registry/src/index.crates.io-6f17d22bba15001f/maud_macros-0.17.2/src/parse.rs:216:36
[INFO] [stdout]     |
[INFO] [stdout] 216 |                 let else_keyword = TokenTree { kind: TokenNode::Term(else_keyword), span };
[INFO] [stdout]     |                                    ^^^^^^^^^ not a struct, variant or union type
[INFO] [stdout] 
[INFO] [stdout] 
[INFO] [stdout] error[E0574]: expected struct, variant or union type, found enum `TokenTree`
[INFO] [stdout]    --> /opt/rustwide/cargo-home/registry/src/index.crates.io-6f17d22bba15001f/maud_macros-0.17.2/src/parse.rs:220:26
[INFO] [stdout]     |
[INFO] [stdout] 220 |                     Some(TokenTree { kind: TokenNode::Term(if_keyword), span })
[INFO] [stdout]     |                          ^^^^^^^^^ not a struct, variant or union type
[INFO] [stdout] 
[INFO] [stdout] 
[INFO] [stdout] error[E0574]: expected struct, variant or union type, found enum `TokenTree`
[INFO] [stdout]    --> /opt/rustwide/cargo-home/registry/src/index.crates.io-6f17d22bba15001f/maud_macros-0.17.2/src/parse.rs:223:42
[INFO] [stdout]     |
[INFO] [stdout] 223 |                         let if_keyword = TokenTree { kind: TokenNode::Term(if_keyword), span };
[INFO] [stdout]     |                                          ^^^^^^^^^ not a struct, variant or union type
[INFO] [stdout] 
[INFO] [stdout] 
[INFO] [stdout] error[E0574]: expected struct, variant or union type, found enum `TokenTree`
[INFO] [stdout]    --> /opt/rustwide/cargo-home/registry/src/index.crates.io-6f17d22bba15001f/maud_macros-0.17.2/src/parse.rs:229:37
[INFO] [stdout]     |
[INFO] [stdout] 229 |                         if let Some(TokenTree { kind: TokenNode::Group(Delimiter::Brace, block), span }) = self.next() {
[INFO] [stdout]     |                                     ^^^^^^^^^ not a struct, variant or union type
[INFO] [stdout] 
[INFO] [stdout] 
[INFO] [stdout] error[E0574]: expected struct, variant or union type, found enum `TokenTree`
[INFO] [stdout]    --> /opt/rustwide/cargo-home/registry/src/index.crates.io-6f17d22bba15001f/maud_macros-0.17.2/src/parse.rs:250:22
[INFO] [stdout]     |
[INFO] [stdout] 250 |                 Some(TokenTree { kind: TokenNode::Group(Delimiter::Brace, block), span }) => {
[INFO] [stdout]     |                      ^^^^^^^^^ not a struct, variant or union type
[INFO] [stdout] 
[INFO] [stdout] 
[INFO] [stdout] error[E0574]: expected struct, variant or union type, found enum `TokenTree`
[INFO] [stdout]    --> /opt/rustwide/cargo-home/registry/src/index.crates.io-6f17d22bba15001f/maud_macros-0.17.2/src/parse.rs:268:22
[INFO] [stdout]     |
[INFO] [stdout] 268 |                 Some(TokenTree { kind: TokenNode::Term(in_keyword), span }) if in_keyword.as_str() == "in" => {
[INFO] [stdout]     |                      ^^^^^^^^^ not a struct, variant or union type
[INFO] [stdout] 
[INFO] [stdout] 
[INFO] [stdout] error[E0574]: expected struct, variant or union type, found enum `TokenTree`
[INFO] [stdout]    --> /opt/rustwide/cargo-home/registry/src/index.crates.io-6f17d22bba15001f/maud_macros-0.17.2/src/parse.rs:269:34
[INFO] [stdout]     |
[INFO] [stdout] 269 |                     builder.push(TokenTree { kind: TokenNode::Term(in_keyword), span });
[INFO] [stdout]     |                                  ^^^^^^^^^ not a struct, variant or union type
[INFO] [stdout] 
[INFO] [stdout] 
[INFO] [stdout] error[E0574]: expected struct, variant or union type, found enum `TokenTree`
[INFO] [stdout]    --> /opt/rustwide/cargo-home/registry/src/index.crates.io-6f17d22bba15001f/maud_macros-0.17.2/src/parse.rs:278:22
[INFO] [stdout]     |
[INFO] [stdout] 278 |                 Some(TokenTree { kind: TokenNode::Group(Delimiter::Brace, block), span }) => {
[INFO] [stdout]     |                      ^^^^^^^^^ not a struct, variant or union type
[INFO] [stdout] 
[INFO] [stdout] 
[INFO] [stdout] error[E0574]: expected struct, variant or union type, found enum `TokenTree`
[INFO] [stdout]    --> /opt/rustwide/cargo-home/registry/src/index.crates.io-6f17d22bba15001f/maud_macros-0.17.2/src/parse.rs:296:22
[INFO] [stdout]     |
[INFO] [stdout] 296 |                 Some(TokenTree { kind: TokenNode::Group(Delimiter::Brace, body), span }) => {
[INFO] [stdout]     |                      ^^^^^^^^^ not a struct, variant or union type
[INFO] [stdout] 
[INFO] [stdout] 
[INFO] [stdout] error[E0574]: expected struct, variant or union type, found enum `TokenTree`
[INFO] [stdout]    --> /opt/rustwide/cargo-home/registry/src/index.crates.io-6f17d22bba15001f/maud_macros-0.17.2/src/parse.rs:298:34
[INFO] [stdout]     |
[INFO] [stdout] 298 |                     builder.push(TokenTree {
[INFO] [stdout]     |                                  ^^^^^^^^^ not a struct, variant or union type
[INFO] [stdout] 
[INFO] [stdout] 
[INFO] [stdout] error[E0574]: expected struct, variant or union type, found enum `TokenTree`
[INFO] [stdout]    --> /opt/rustwide/cargo-home/registry/src/index.crates.io-6f17d22bba15001f/maud_macros-0.17.2/src/parse.rs:324:26
[INFO] [stdout]     |
[INFO] [stdout] 324 |                     eq @ TokenTree { kind: TokenNode::Op('=', Spacing::Joint), .. },
[INFO] [stdout]     |                          ^^^^^^^^^ not a struct, variant or union type
[INFO] [stdout] 
[INFO] [stdout] 
[INFO] [stdout] error[E0574]: expected struct, variant or union type, found enum `TokenTree`
[INFO] [stdout]    --> /opt/rustwide/cargo-home/registry/src/index.crates.io-6f17d22bba15001f/maud_macros-0.17.2/src/parse.rs:325:31
[INFO] [stdout]     |
[INFO] [stdout] 325 |                     Some(gt @ TokenTree { kind: TokenNode::Op('>', _), .. }),
[INFO] [stdout]     |                               ^^^^^^^^^ not a struct, variant or union type
[INFO] [stdout] 
[INFO] [stdout] 
[INFO] [stdout] error[E0574]: expected struct, variant or union type, found enum `TokenTree`
[INFO] [stdout]    --> /opt/rustwide/cargo-home/registry/src/index.crates.io-6f17d22bba15001f/maud_macros-0.17.2/src/parse.rs:346:18
[INFO] [stdout]     |
[INFO] [stdout] 346 |             Some(TokenTree { kind: TokenNode::Group(Delimiter::Brace, body), span }) => {
[INFO] [stdout]     |                  ^^^^^^^^^ not a struct, variant or union type
[INFO] [stdout] 
[INFO] [stdout] 
[INFO] [stdout] error[E0574]: expected struct, variant or union type, found enum `TokenTree`
[INFO] [stdout]    --> /opt/rustwide/cargo-home/registry/src/index.crates.io-6f17d22bba15001f/maud_macros-0.17.2/src/parse.rs:349:29
[INFO] [stdout]     |
[INFO] [stdout] 349 |                 if let Some(TokenTree { kind: TokenNode::Op(',', _), .. }) = self.peek() {
[INFO] [stdout]     |                             ^^^^^^^^^ not a struct, variant or union type
[INFO] [stdout] 
[INFO] [stdout] 
[INFO] [stdout] error[E0574]: expected struct, variant or union type, found enum `TokenTree`
[INFO] [stdout]    --> /opt/rustwide/cargo-home/registry/src/index.crates.io-6f17d22bba15001f/maud_macros-0.17.2/src/parse.rs:360:30
[INFO] [stdout]     |
[INFO] [stdout] 360 |                         Some(TokenTree { kind: TokenNode::Op(',', _), .. }) => break,
[INFO] [stdout]     |                              ^^^^^^^^^ not a struct, variant or union type
[INFO] [stdout] 
[INFO] [stdout] 
[INFO] [stdout] error[E0574]: expected struct, variant or union type, found enum `TokenTree`
[INFO] [stdout]    --> /opt/rustwide/cargo-home/registry/src/index.crates.io-6f17d22bba15001f/maud_macros-0.17.2/src/parse.rs:383:30
[INFO] [stdout]     |
[INFO] [stdout] 383 |                 Some(token @ TokenTree { kind: TokenNode::Op('=', _), .. }) => {
[INFO] [stdout]     |                              ^^^^^^^^^ not a struct, variant or union type
[INFO] [stdout] 
[INFO] [stdout] 
[INFO] [stdout] error[E0574]: expected struct, variant or union type, found enum `TokenTree`
[INFO] [stdout]    --> /opt/rustwide/cargo-home/registry/src/index.crates.io-6f17d22bba15001f/maud_macros-0.17.2/src/parse.rs:393:30
[INFO] [stdout]     |
[INFO] [stdout] 393 |                 Some(token @ TokenTree { kind: TokenNode::Op(';', _), .. }) => {
[INFO] [stdout]     |                              ^^^^^^^^^ not a struct, variant or union type
[INFO] [stdout] 
[INFO] [stdout] 
[INFO] [stdout] error[E0574]: expected struct, variant or union type, found enum `TokenTree`
[INFO] [stdout]    --> /opt/rustwide/cargo-home/registry/src/index.crates.io-6f17d22bba15001f/maud_macros-0.17.2/src/parse.rs:415:18
[INFO] [stdout]     |
[INFO] [stdout] 415 |             Some(TokenTree { kind: TokenNode::Op(';', _), .. }) |
[INFO] [stdout]     |                  ^^^^^^^^^ not a struct, variant or union type
[INFO] [stdout] 
[INFO] [stdout] 
[INFO] [stdout] error[E0574]: expected struct, variant or union type, found enum `TokenTree`
[INFO] [stdout]    --> /opt/rustwide/cargo-home/registry/src/index.crates.io-6f17d22bba15001f/maud_macros-0.17.2/src/parse.rs:416:18
[INFO] [stdout]     |
[INFO] [stdout] 416 |             Some(TokenTree { kind: TokenNode::Op('/', _), .. }) => {
[INFO] [stdout]     |                  ^^^^^^^^^ not a struct, variant or union type
[INFO] [stdout] 
[INFO] [stdout] 
[INFO] [stdout] error[E0574]: expected struct, variant or union type, found enum `TokenTree`
[INFO] [stdout]    --> /opt/rustwide/cargo-home/registry/src/index.crates.io-6f17d22bba15001f/maud_macros-0.17.2/src/parse.rs:439:33
[INFO] [stdout]     |
[INFO] [stdout] 439 |                 (Ok(name), Some(TokenTree { kind: TokenNode::Op('=', _), .. })) => {
[INFO] [stdout]     |                                 ^^^^^^^^^ not a struct, variant or union type
[INFO] [stdout] 
[INFO] [stdout] 
[INFO] [stdout] error[E0574]: expected struct, variant or union type, found enum `TokenTree`
[INFO] [stdout]    --> /opt/rustwide/cargo-home/registry/src/index.crates.io-6f17d22bba15001f/maud_macros-0.17.2/src/parse.rs:451:33
[INFO] [stdout]     |
[INFO] [stdout] 451 |                 (Ok(name), Some(TokenTree { kind: TokenNode::Op('?', _), .. })) => {
[INFO] [stdout]     |                                 ^^^^^^^^^ not a struct, variant or union type
[INFO] [stdout] 
[INFO] [stdout] 
[INFO] [stdout] error[E0574]: expected struct, variant or union type, found enum `TokenTree`
[INFO] [stdout]    --> /opt/rustwide/cargo-home/registry/src/index.crates.io-6f17d22bba15001f/maud_macros-0.17.2/src/parse.rs:467:31
[INFO] [stdout]     |
[INFO] [stdout] 467 |                 (Err(_), Some(TokenTree { kind: TokenNode::Op('.', _), .. })) => {
[INFO] [stdout]     |                               ^^^^^^^^^ not a struct, variant or union type
[INFO] [stdout] 
[INFO] [stdout] 
[INFO] [stdout] error[E0574]: expected struct, variant or union type, found enum `TokenTree`
[INFO] [stdout]    --> /opt/rustwide/cargo-home/registry/src/index.crates.io-6f17d22bba15001f/maud_macros-0.17.2/src/parse.rs:479:31
[INFO] [stdout]     |
[INFO] [stdout] 479 |                 (Err(_), Some(TokenTree { kind: TokenNode::Op('#', _), .. })) => {
[INFO] [stdout]     |                               ^^^^^^^^^ not a struct, variant or union type
[INFO] [stdout] 
[INFO] [stdout] 
[INFO] [stdout] error[E0574]: expected struct, variant or union type, found enum `TokenTree`
[INFO] [stdout]    --> /opt/rustwide/cargo-home/registry/src/index.crates.io-6f17d22bba15001f/maud_macros-0.17.2/src/parse.rs:515:21
[INFO] [stdout]     |
[INFO] [stdout] 515 |         if let Some(TokenTree {
[INFO] [stdout]     |                     ^^^^^^^^^ not a struct, variant or union type
[INFO] [stdout] 
[INFO] [stdout] 
[INFO] [stdout] error[E0574]: expected struct, variant or union type, found enum `TokenTree`
[INFO] [stdout]    --> /opt/rustwide/cargo-home/registry/src/index.crates.io-6f17d22bba15001f/maud_macros-0.17.2/src/parse.rs:528:33
[INFO] [stdout]     |
[INFO] [stdout] 528 |         let mut s = if let Some(TokenTree { kind: TokenNode::Term(term), .. }) = self.peek() {
[INFO] [stdout]     |                                 ^^^^^^^^^ not a struct, variant or union type
[INFO] [stdout] 
[INFO] [stdout] 
[INFO] [stdout] error[E0574]: expected struct, variant or union type, found enum `TokenTree`
[INFO] [stdout]    --> /opt/rustwide/cargo-home/registry/src/index.crates.io-6f17d22bba15001f/maud_macros-0.17.2/src/parse.rs:537:22
[INFO] [stdout]     |
[INFO] [stdout] 537 |                 Some(TokenTree { kind: TokenNode::Op('-', _), .. }) => {
[INFO] [stdout]     |                      ^^^^^^^^^ not a struct, variant or union type
[INFO] [stdout] 
[INFO] [stdout] 
[INFO] [stdout] error[E0574]: expected struct, variant or union type, found enum `TokenTree`
[INFO] [stdout]    --> /opt/rustwide/cargo-home/registry/src/index.crates.io-6f17d22bba15001f/maud_macros-0.17.2/src/parse.rs:542:22
[INFO] [stdout]     |
[INFO] [stdout] 542 |                 Some(TokenTree { kind: TokenNode::Term(term), .. }) if expect_ident => {
[INFO] [stdout]     |                      ^^^^^^^^^ not a struct, variant or union type
[INFO] [stdout] 
[INFO] [stdout] 
[INFO] [stdout] error[E0574]: expected struct, variant or union type, found enum `TokenTree`
[INFO] [stdout]    --> /opt/rustwide/cargo-home/registry/src/index.crates.io-6f17d22bba15001f/maud_macros-0.17.2/src/parse.rs:557:21
[INFO] [stdout]     |
[INFO] [stdout] 557 |         if let Some(TokenTree { kind: TokenNode::Op(':', _), .. }) = self.peek() {
[INFO] [stdout]     |                     ^^^^^^^^^ not a struct, variant or union type
[INFO] [stdout] 
[INFO] [stdout] 
[INFO] [stdout] error[E0574]: expected struct, variant or union type, found enum `TokenTree`
[INFO] [stdout]    --> /opt/rustwide/cargo-home/registry/src/index.crates.io-6f17d22bba15001f/maud_macros-0.17.2/src/parse.rs:570:12
[INFO] [stdout]     |
[INFO] [stdout] 570 |         Ok(TokenTree {
[INFO] [stdout]     |            ^^^^^^^^^ not a struct, variant or union type
[INFO] [stdout] 
[INFO] [stdout] 
[INFO] [stdout] error[E0574]: expected struct, variant or union type, found enum `TokenTree`
[INFO] [stdout]    --> /opt/rustwide/cargo-home/registry/src/index.crates.io-6f17d22bba15001f/maud_macros-0.17.2/src/build.rs:118:38
[INFO] [stdout]     |
[INFO] [stdout] 118 |             cond = TokenStream::from(TokenTree {
[INFO] [stdout]     |                                      ^^^^^^^^^ not a struct, variant or union type
[INFO] [stdout] 
[INFO] [stdout] 
[INFO] [stdout] error[E0574]: expected struct, variant or union type, found enum `TokenTree`
[INFO] [stdout]   --> /opt/rustwide/cargo-home/registry/src/index.crates.io-6f17d22bba15001f/maud_macros-0.17.2/src/lib.rs:30:24
[INFO] [stdout]    |
[INFO] [stdout] 30 |     let output_ident = TokenTree {
[INFO] [stdout]    |                        ^^^^^^^^^ not a struct, variant or union type
[INFO] [stdout] 
[INFO] [stdout] 
[INFO] [stdout] error[E0658]: use of unstable library feature 'proc_macro_quote'
[INFO] [stdout]   --> /opt/rustwide/cargo-home/registry/src/index.crates.io-6f17d22bba15001f/maud_macros-0.17.2/src/lib.rs:13:5
[INFO] [stdout]    |
[INFO] [stdout] 13 | use proc_macro::quote;
[INFO] [stdout]    |     ^^^^^^^^^^^^^^^^^
[INFO] [stdout]    |
[INFO] [stdout]    = note: see issue #54722 <https://github.com/rust-lang/rust/issues/54722> for more information
[INFO] [stdout]    = help: add `#![feature(proc_macro_quote)]` to the crate attributes to enable
[INFO] [stdout] 
[INFO] [stdout] 
[INFO] [stdout] error[E0658]: use of unstable library feature 'proc_macro_quote'
[INFO] [stdout]  --> /opt/rustwide/cargo-home/registry/src/index.crates.io-6f17d22bba15001f/maud_macros-0.17.2/src/build.rs:2:5
[INFO] [stdout]   |
[INFO] [stdout] 2 | use proc_macro::quote;
[INFO] [stdout]   |     ^^^^^^^^^^^^^^^^^
[INFO] [stdout]   |
[INFO] [stdout]   = note: see issue #54722 <https://github.com/rust-lang/rust/issues/54722> for more information
[INFO] [stdout]   = help: add `#![feature(proc_macro_quote)]` to the crate attributes to enable
[INFO] [stdout] 
[INFO] [stdout] 
[INFO] [stdout] error[E0615]: attempted to take value of method `span` on type `proc_macro::TokenTree`
[INFO] [stdout]    --> /opt/rustwide/cargo-home/registry/src/index.crates.io-6f17d22bba15001f/maud_macros-0.17.2/src/parse.rs:356:44
[INFO] [stdout]     |
[INFO] [stdout] 356 |                 let mut span = first_token.span;
[INFO] [stdout]     |                                            ^^^^ method, not a field
[INFO] [stdout]     |
[INFO] [stdout] help: use parentheses to call the method
[INFO] [stdout]     |
[INFO] [stdout] 356 |                 let mut span = first_token.span();
[INFO] [stdout]     |                                                ++
[INFO] [stdout] 
[INFO] [stdout] 
[INFO] [stdout] error[E0615]: attempted to take value of method `span` on type `proc_macro::TokenTree`
[INFO] [stdout]    --> /opt/rustwide/cargo-home/registry/src/index.crates.io-6f17d22bba15001f/maud_macros-0.17.2/src/parse.rs:362:72
[INFO] [stdout]     |
[INFO] [stdout] 362 | ...                   if let Some(bigger_span) = span.join(token.span) {
[INFO] [stdout]     |                                                                  ^^^^ method, not a field
[INFO] [stdout]     |
[INFO] [stdout] help: use parentheses to call the method
[INFO] [stdout]     |
[INFO] [stdout] 362 |                             if let Some(bigger_span) = span.join(token.span()) {
[INFO] [stdout]     |                                                                            ++
[INFO] [stdout] 
[INFO] [stdout] 
[INFO] [stdout] error[E0609]: no field `kind` on type `proc_macro::TokenTree`
[INFO] [stdout]    --> /opt/rustwide/cargo-home/registry/src/index.crates.io-6f17d22bba15001f/maud_macros-0.17.2/src/build.rs:114:61
[INFO] [stdout]     |
[INFO] [stdout] 114 |         if cond.clone().into_iter().any(|token| match token.kind {
[INFO] [stdout]     |                                                             ^^^^
[INFO] [stdout] 
[INFO] [stdout] 
[INFO] [stdout] error[E0658]: use of unstable library feature 'proc_macro_def_site'
[INFO] [stdout]   --> /opt/rustwide/cargo-home/registry/src/index.crates.io-6f17d22bba15001f/maud_macros-0.17.2/src/lib.rs:32:15
[INFO] [stdout]    |
[INFO] [stdout] 32 |         span: Span::def_site(),
[INFO] [stdout]    |               ^^^^^^^^^^^^^^
[INFO] [stdout]    |
[INFO] [stdout]    = note: see issue #54724 <https://github.com/rust-lang/rust/issues/54724> for more information
[INFO] [stdout]    = help: add `#![feature(proc_macro_def_site)]` to the crate attributes to enable
[INFO] [stdout] 
[INFO] [stdout] 
[INFO] [stdout] error[E0599]: no function or associated item named `u64` found for struct `proc_macro::Literal` in the current scope
[INFO] [stdout]   --> /opt/rustwide/cargo-home/registry/src/index.crates.io-6f17d22bba15001f/maud_macros-0.17.2/src/lib.rs:37:49
[INFO] [stdout]    |
[INFO] [stdout] 37 |     let size_hint = TokenNode::Literal(Literal::u64(size_hint as u64));
[INFO] [stdout]    |                                                 ^^^ function or associated item not found in `Literal`
[INFO] [stdout] 
[INFO] [stdout] 
[INFO] [stdout] error: aborting due to 60 previous errors
[INFO] [stdout] 
[INFO] [stdout] 
[INFO] [stdout] Some errors have detailed explanations: E0432, E0574, E0599, E0609, E0615, E0658.
[INFO] [stdout] 
[INFO] [stdout] For more information about an error, try `rustc --explain E0432`.
[INFO] [stdout] 
[INFO] [stderr] error: could not compile `maud_macros` (lib) due to 61 previous errors
[INFO] running `Command { std: "docker" "inspect" "0d601f8efdde17f94a504116d8392774c6fe8e7bae413c842ff6974615039967", kill_on_drop: false }`
[INFO] running `Command { std: "docker" "rm" "-f" "0d601f8efdde17f94a504116d8392774c6fe8e7bae413c842ff6974615039967", kill_on_drop: false }`
[INFO] [stdout] 0d601f8efdde17f94a504116d8392774c6fe8e7bae413c842ff6974615039967
